{"id":292,"date":"2020-04-24T10:51:10","date_gmt":"2020-04-24T13:51:10","guid":{"rendered":"http:\/\/192.168.25.222\/cardio1\/?page_id=292"},"modified":"2020-04-24T10:52:16","modified_gmt":"2020-04-24T13:52:16","slug":"convenios","status":"publish","type":"page","link":"https:\/\/www.cardiodiagnostico.com.br\/index.php\/convenios\/","title":{"rendered":"Conv\u00eanios"},"content":{"rendered":"\n<figure class=\"wp-block-table is-style-stripes\"><table><tbody><tr><td>Agemed<\/td><td>CABERGS<\/td><td>CASSI<\/td><\/tr><tr><td>CIRC<\/td><td>CIS Vale do Jacu\u00ed<\/td><td>Caixa Sa\u00fade<\/td><\/tr><tr><td>Cape Sa\u00fade<\/td><td>Cart\u00f5es assistenciais<\/td><td>Cauzzo<\/td><\/tr><tr><td>Cooperativa do Alegrete<\/td><td>FuSEx<\/td><td>IPERGS<\/td><\/tr><tr><td>PASUFSM<\/td><td>Postal Sa\u00fade<\/td><td>SYNS<\/td><\/tr><tr><td>Sindicato do Alegrete<\/td><td>Unimed<\/td><\/tr><\/tbody><\/table><\/figure>\n","protected":false},"excerpt":{"rendered":"<p>Agemed CABERGS CASSI CIRC CIS Vale do Jacu\u00ed Caixa Sa\u00fade Cape Sa\u00fade Cart\u00f5es assistenciais Cauzzo Cooperativa do Alegrete FuSEx IPERGS PASUFSM Postal Sa\u00fade SYNS Sindicato do Alegrete Unimed<\/p>\n","protected":false},"author":1,"featured_media":0,"parent":0,"menu_order":0,"comment_status":"closed","ping_status":"closed","template":"","meta":[],"_links":{"self":[{"href":"https:\/\/www.cardiodiagnostico.com.br\/index.php\/wp-json\/wp\/v2\/pages\/292"}],"collection":[{"href":"https:\/\/www.cardiodiagnostico.com.br\/index.php\/wp-json\/wp\/v2\/pages"}],"about":[{"href":"https:\/\/www.cardiodiagnostico.com.br\/index.php\/wp-json\/wp\/v2\/types\/page"}],"author":[{"embeddable":true,"href":"https:\/\/www.cardiodiagnostico.com.br\/index.php\/wp-json\/wp\/v2\/users\/1"}],"replies":[{"embeddable":true,"href":"https:\/\/www.cardiodiagnostico.com.br\/index.php\/wp-json\/wp\/v2\/comments?post=292"}],"version-history":[{"count":1,"href":"https:\/\/www.cardiodiagnostico.com.br\/index.php\/wp-json\/wp\/v2\/pages\/292\/revisions"}],"predecessor-version":[{"id":293,"href":"https:\/\/www.cardiodiagnostico.com.br\/index.php\/wp-json\/wp\/v2\/pages\/292\/revisions\/293"}],"wp:attachment":[{"href":"https:\/\/www.cardiodiagnostico.com.br\/index.php\/wp-json\/wp\/v2\/media?parent=292"}],"curies":[{"name":"wp","href":"https:\/\/api.w.org\/{rel}","templated":true}]}}