{"id":60,"date":"2020-04-16T18:27:42","date_gmt":"2020-04-16T21:27:42","guid":{"rendered":"http:\/\/192.168.25.222\/cardio1\/?page_id=60"},"modified":"2020-04-23T17:36:37","modified_gmt":"2020-04-23T20:36:37","slug":"ecodopplercardiograma-transtoracico-adulto-pediatrico-e-fetal","status":"publish","type":"page","link":"https:\/\/www.cardiodiagnostico.com.br\/index.php\/exames-e-preparos\/ecodopplercardiograma-transtoracico-adulto-pediatrico-e-fetal\/","title":{"rendered":"Ecodopplercardiograma transtor\u00e1cico"},"content":{"rendered":"\r\n<p class=\"alert alert-info\"><i class=\"fas fa-info-circle\"><\/i> <strong>Adultos:<\/strong>  N\u00e3o h\u00e1 nenhum tipo de preparo para este exame<\/p>\r\n\r\n\r\n\r\n<p class=\"alert alert-warning\"><i class=\"fas fa-exclamation-triangle\"><\/i> \r\n<strong>Preparo (crian\u00e7as menores de quatro anos)<\/strong>:\r\n<br>\r\n<i class=\"fas fa-check\"><\/i> Jejum de 2 horas<br>\r\n<i class=\"fas fa-check\"><\/i> Recomenda-se que a crian\u00e7a chegue com sono \u00e0 cl\u00ednica. <!-- Caso a mesma esteja agitada, poder\u00e1 receber um sedativo leve. --> <\/p>\r\n\r\n\r\n\n<p class=\"alert alert-info\"><i class=\"fas fa-info-circle\"><\/i>\n<strong>Pede-se que o paciente traga seus exames cardiol\u00f3gicos anteriores<\/strong>, para que o m\u00e9dico tenha o m\u00e1ximo de informa\u00e7\u00f5es.\n<\/p>\n\r\n\r\n\r\n<h5>O que \u00e9<\/h5>\r\n\r\n\r\n\r\n<p>O ecocardiograma com doppler \u00e9 um exame de ultrassom no qual as imagens do cora\u00e7\u00e3o s\u00e3o captadas por um transdutor colocado sobre o t\u00f3rax do paciente e transmitidas para um monitor. \u00c9 um m\u00e9todo diagn\u00f3stico muito utilizado em cardiologia para a detec\u00e7\u00e3o de altera\u00e7\u00f5es estruturais e\/ou funcionais do cora\u00e7\u00e3o.<\/p>\r\n\r\n\r\n\r\n<h5>Como \u00e9 feito<\/h5>\r\n\r\n\r\n\r\n<p>Com o paciente deitado, as estruturas do cora\u00e7\u00e3o s\u00e3o analisadas em diferentes posi\u00e7\u00f5es atrav\u00e9s das imagens projetadas no monitor. O procedimento \u00e9 <strong>completamente indolor e sem riscos<\/strong> para o paciente. Tem dura\u00e7\u00e3o de aproximadamente 15 a 25 minutos (salvo exce\u00e7\u00f5es).<\/p>\r\n\r\n\r\n\r\n<h5>Indica\u00e7\u00f5es<\/h5>\r\n\r\n\r\n\r\n<ul class=\"list-unstyled\">\r\n<li><i class=\"fas fa-check\"><\/i> Dor tor\u00e1cica com suspeita de etiologia card\u00edaca<\/li>\r\n<li><i class=\"fas fa-check\"><\/i> Doen\u00e7as do peric\u00e1rdio<\/li>\r\n<li><i class=\"fas fa-check\"><\/i> Cardiopatias cong\u00eanitas<\/li>\r\n<li><i class=\"fas fa-check\"><\/i> Detectar e quantificar doen\u00e7as card\u00edacas e dos grandes vasos relacionados ao cora\u00e7\u00e3o<\/li>\r\n<\/ul>\r\n\r\n\r\n\r\n<h5>Contraindica\u00e7\u00f5es<\/h5>\r\n\r\n\r\n\r\n<p>N\u00e3o h\u00e1.<\/p>\r\n\r\n\r\n\r\n<h5>Limita\u00e7\u00f5es<\/h5>\r\n\r\n\r\n\r\n<p>O exame pode ser inconclusivo em pacientes que apresentem:<\/p>\r\n\r\n\r\n\r\n<ul class=\"list-unstyled\">\r\n<li>\r\n<i class=\"fas fa-exclamation\"><\/i> Limita\u00e7\u00e3o de janela ac\u00fastica por interposi\u00e7\u00e3o de ar ou tecidos (enfisema subcut\u00e2neo, doen\u00e7a pulmonar obstrutiva perif\u00e9rica (DPOC), obesidade, pr\u00f3tese mam\u00e1ria, entre outras)\r\n<\/li>\r\n\r\n<i class=\"fas fa-exclamation\"><\/i> Limita\u00e7\u00e3o de acesso ao t\u00f3rax (curativos, feridas cir\u00fargicas, drenos, entre outros)\r\n<\/li>\r\n<\/ul>\r\n\r\n\r\n\r\n<p class=\"has-small-font-size\"><strong>Refer\u00eancias<\/strong><br>1. Diretriz para indica\u00e7\u00f5es e utiliza\u00e7\u00e3o da ecocardiografia na pr\u00e1tica cl\u00ednica. Revista Brasileira de Ecocardiografia 2004;17(1):49-77.<br>2. ACC\/AHA\/ASE 2003 Guideline update for the clinical application of echocardiography: summary article. Journal of the Am Society of Echocardiography 2003;16(10):1091-1110.<\/p>\r\n","protected":false},"excerpt":{"rendered":"<p>Adultos: N\u00e3o h\u00e1 nenhum tipo de preparo para este exame Preparo (crian\u00e7as menores de quatro anos): Jejum de 2 horas Recomenda-se que a crian\u00e7a chegue com sono \u00e0 cl\u00ednica. O que \u00e9 O ecocardiograma com doppler \u00e9 um exame de ultrassom no qual as imagens do cora\u00e7\u00e3o s\u00e3o captadas por um transdutor colocado sobre o t\u00f3rax do paciente e transmitidas [&hellip;]<\/p>\n","protected":false},"author":1,"featured_media":0,"parent":9,"menu_order":0,"comment_status":"closed","ping_status":"closed","template":"exame-detalhes.php","meta":[],"_links":{"self":[{"href":"https:\/\/www.cardiodiagnostico.com.br\/index.php\/wp-json\/wp\/v2\/pages\/60"}],"collection":[{"href":"https:\/\/www.cardiodiagnostico.com.br\/index.php\/wp-json\/wp\/v2\/pages"}],"about":[{"href":"https:\/\/www.cardiodiagnostico.com.br\/index.php\/wp-json\/wp\/v2\/types\/page"}],"author":[{"embeddable":true,"href":"https:\/\/www.cardiodiagnostico.com.br\/index.php\/wp-json\/wp\/v2\/users\/1"}],"replies":[{"embeddable":true,"href":"https:\/\/www.cardiodiagnostico.com.br\/index.php\/wp-json\/wp\/v2\/comments?post=60"}],"version-history":[{"count":16,"href":"https:\/\/www.cardiodiagnostico.com.br\/index.php\/wp-json\/wp\/v2\/pages\/60\/revisions"}],"predecessor-version":[{"id":219,"href":"https:\/\/www.cardiodiagnostico.com.br\/index.php\/wp-json\/wp\/v2\/pages\/60\/revisions\/219"}],"up":[{"embeddable":true,"href":"https:\/\/www.cardiodiagnostico.com.br\/index.php\/wp-json\/wp\/v2\/pages\/9"}],"wp:attachment":[{"href":"https:\/\/www.cardiodiagnostico.com.br\/index.php\/wp-json\/wp\/v2\/media?parent=60"}],"curies":[{"name":"wp","href":"https:\/\/api.w.org\/{rel}","templated":true}]}}