{"id":82,"date":"2020-04-16T18:34:15","date_gmt":"2020-04-16T21:34:15","guid":{"rendered":"http:\/\/192.168.25.222\/cardio1\/?page_id=82"},"modified":"2020-04-23T20:55:23","modified_gmt":"2020-04-23T23:55:23","slug":"doppler-colorido-de-vasos-cervicais-arteriais-carotidas-e-vertebrais","status":"publish","type":"page","link":"https:\/\/www.cardiodiagnostico.com.br\/index.php\/exames-e-preparos\/doppler-colorido-de-vasos-cervicais-arteriais-carotidas-e-vertebrais\/","title":{"rendered":"Doppler colorido de vasos cervicais arteriais (car\u00f3tidas e vertebrais)"},"content":{"rendered":"\n<p class=\"alert alert-info\"><i class=\"fas fa-info-circle\"><\/i> N\u00e3o h\u00e1 nenhum tipo de preparo para este exame<\/p>\n\n\n\n<h5>O que \u00e9<\/h5>\n\n\n\n<p>Exame realizado para a avalia\u00e7\u00e3o das art\u00e9rias car\u00f3tidas e vertebrais de forma n\u00e3o invasiva que permite analisar a anatomia (incluindo a presen\u00e7a de placas de gordura na parede dos vasos) e o comportamento do fluxo sangu\u00edneo.<\/p>\n\n\n\n<p>O ecodoppler de car\u00f3tidas e vertebrais tem como objetivo detectar a presen\u00e7a de aterosclerose (placas de gordura, tecido fibroso) nas art\u00e9rias que levam sangue ao c\u00e9rebro.<\/p>\n\n\n\n<h5>Como \u00e9 feito<\/h5>\n\n\n\n<p>Com o paciente deitado, examina-se a regi\u00e3o do pesco\u00e7o para analisar as art\u00e9rias \u00e0 procura de estreitamentos, placas de aterosclerose e obstru\u00e7\u00f5es, avaliando o fluxo sangu\u00edneo.<\/p>\n\n\n\n<h5>Indica\u00e7\u00f5es<\/h5>\n\n\n\n<ul class=\"list-unstyled\"><li><i class=\"fas fa-check\"><\/i> Indica-se a realiza\u00e7\u00e3o deste exame para detectar precocemente a presen\u00e7a de aterosclerose, e assim ajudar a decidir sobre o tratamento<\/li><li><i class=\"fas fa-check\"><\/i> Indicar e orientar a necessidade de realiza\u00e7\u00e3o de cirurgia destas art\u00e9rias, em casos de obstru\u00e7\u00f5es importantes<\/li><li><i class=\"fas fa-check\"><\/i> Preven\u00e7\u00e3o de AVC (Acidente Vascular Cerebral) detectando-se placas que causam obstru\u00e7\u00f5es e podem causar as isquemias cerebrais<\/li><li><i class=\"fas fa-check\"><\/i> Pode-se tamb\u00e9m estudar as art\u00e9rias oft\u00e1lmicas quando h\u00e1 suspeita de cegueiras de etiologia isqu\u00eamicas<\/li><\/ul>\n\n\n\n<h5>Contraindica\u00e7\u00f5es<\/h5>\n\n\n\n<p>N\u00e3o h\u00e1.<\/p>\n\n\n\n<h5>Limita\u00e7\u00f5es<\/h5>\n\n\n\n<p>Obesidade<\/p>\n\n\n\n<p class=\"has-small-font-size\"><strong>Refer\u00eancias<\/strong><br>1. Diretriz para indica\u00e7\u00f5es e utiliza\u00e7\u00e3o da ecocardiografia na pr\u00e1tica cl\u00ednica. Revista Brasileira de Ecocardiografia 2004;17(1):49-77.<br>2. ACC\/AHA\/ASE 2003 Guideline update for the clinical application of echocardiography: summary article. Journal of the Am Society of Echocardiography 2003;16(10):1091-1110.<\/p>\n","protected":false},"excerpt":{"rendered":"<p>O que \u00e9 Exame realizado para a avalia\u00e7\u00e3o das art\u00e9rias car\u00f3tidas e vertebrais de forma n\u00e3o invasiva que permite analisar a anatomia (incluindo a presen\u00e7a de placas de gordura na parede dos vasos) e o comportamento do fluxo sangu\u00edneo. O ecodoppler de car\u00f3tidas e vertebrais tem como objetivo detectar a presen\u00e7a de aterosclerose (placas de gordura, tecido fibroso) nas art\u00e9rias [&hellip;]<\/p>\n","protected":false},"author":1,"featured_media":0,"parent":9,"menu_order":0,"comment_status":"closed","ping_status":"closed","template":"exame-detalhes.php","meta":[],"_links":{"self":[{"href":"https:\/\/www.cardiodiagnostico.com.br\/index.php\/wp-json\/wp\/v2\/pages\/82"}],"collection":[{"href":"https:\/\/www.cardiodiagnostico.com.br\/index.php\/wp-json\/wp\/v2\/pages"}],"about":[{"href":"https:\/\/www.cardiodiagnostico.com.br\/index.php\/wp-json\/wp\/v2\/types\/page"}],"author":[{"embeddable":true,"href":"https:\/\/www.cardiodiagnostico.com.br\/index.php\/wp-json\/wp\/v2\/users\/1"}],"replies":[{"embeddable":true,"href":"https:\/\/www.cardiodiagnostico.com.br\/index.php\/wp-json\/wp\/v2\/comments?post=82"}],"version-history":[{"count":2,"href":"https:\/\/www.cardiodiagnostico.com.br\/index.php\/wp-json\/wp\/v2\/pages\/82\/revisions"}],"predecessor-version":[{"id":256,"href":"https:\/\/www.cardiodiagnostico.com.br\/index.php\/wp-json\/wp\/v2\/pages\/82\/revisions\/256"}],"up":[{"embeddable":true,"href":"https:\/\/www.cardiodiagnostico.com.br\/index.php\/wp-json\/wp\/v2\/pages\/9"}],"wp:attachment":[{"href":"https:\/\/www.cardiodiagnostico.com.br\/index.php\/wp-json\/wp\/v2\/media?parent=82"}],"curies":[{"name":"wp","href":"https:\/\/api.w.org\/{rel}","templated":true}]}}