{"id":84,"date":"2020-04-16T18:34:48","date_gmt":"2020-04-16T21:34:48","guid":{"rendered":"http:\/\/192.168.25.222\/cardio1\/?page_id=84"},"modified":"2020-04-23T21:50:47","modified_gmt":"2020-04-24T00:50:47","slug":"doppler-colorido-de-aorta-e-arterias-renais","status":"publish","type":"page","link":"https:\/\/www.cardiodiagnostico.com.br\/index.php\/exames-e-preparos\/doppler-colorido-de-aorta-e-arterias-renais\/","title":{"rendered":"Doppler colorido de aorta e art\u00e9rias renais"},"content":{"rendered":"\n<p class=\"alert alert-warning\">\n<i class=\"fas fa-exclamation-triangle\"><\/i> <strong>Preparo<\/strong><br>\n\n<i class=\"fas fa-check\"><\/i> Desde o dia anterior ao exame, tomar <strong>40 gotas de dimeticona de 4 em 4 horas<\/strong><br>\n<i class=\"fas fa-check\"><\/i> Jejum absoluto (inclusive l\u00edquidos) de 8 horas\n<\/p>\n\n\n\n<h5>O que \u00e9<\/h5>\n\n\n\n<p>Este exame tem como objetivo a pesquisa de estenoses nas art\u00e9rias que levam o sangue para os rins e que causam press\u00e3o arterial elevada (hipertens\u00e3o arterial sist\u00eamica).<\/p>\n\n\n\n<h5>Como \u00e9 feito<\/h5>\n\n\n\n<p>O exame \u00e9 realizado pelo especialista em ecografia vascular. Neste procedimento o m\u00e9dico utiliza um aparelho espec\u00edfico de ultrassonografia para examinar o abdome do paciente, com o mesmo deitado.<\/p>\n\n\n\n<h5>Indica\u00e7\u00f5es<\/h5>\n\n\n\n<ul class=\"list-unstyled\"><li><i class=\"fas fa-exclamation\"><\/i> Detectar estenoses ou oclus\u00f5es das art\u00e9rias renais, displasias, dilata\u00e7\u00f5es, tortuosidades<\/li><li><i class=\"fas fa-exclamation\"><\/i> Acompanhamento de implante de stent<\/li><\/ul>\n\n\n\n<h5>Contraindica\u00e7\u00f5es<\/h5>\n\n\n\n<p>N\u00e3o h\u00e1.<\/p>\n\n\n\n<h5>Limita\u00e7\u00f5es<\/h5>\n\n\n\n<ul class=\"list-unstyled\"><li><i class=\"fas fa-exclamation\"><\/i> Obesidade<\/li><li><i class=\"fas fa-exclamation\"><\/i> Abdome volumoso e r\u00edgido<\/li><li><i class=\"fas fa-exclamation\"><\/i> Excesso de gases intestinais<\/li><li><i class=\"fas fa-exclamation\"><\/i> Feridas abdominais abertas, suturas, grampos ou cateteres de di\u00e1lise peritoneal<\/li><\/ul>\n\n\n\n<p class=\"has-small-font-size\"><strong>Refer\u00eancias<\/strong><br>1. Diretriz para indica\u00e7\u00f5es e utiliza\u00e7\u00e3o da ecocardiografia na pr\u00e1tica cl\u00ednica. Revista Brasileira de Ecocardiografia 2004;17(1):49-77.<br>2. ACC\/AHA\/ASE 2003 Guideline update for the clinical application of echocardiography: summary article. Journal of the Am Society of Echocardiography 2003;16(10):1091-1110.<\/p>\n","protected":false},"excerpt":{"rendered":"<p>O que \u00e9 Este exame tem como objetivo a pesquisa de estenoses nas art\u00e9rias que levam o sangue para os rins e que causam press\u00e3o arterial elevada (hipertens\u00e3o arterial sist\u00eamica). Como \u00e9 feito O exame \u00e9 realizado pelo especialista em ecografia vascular. Neste procedimento o m\u00e9dico utiliza um aparelho espec\u00edfico de ultrassonografia para examinar o abdome do paciente, com o [&hellip;]<\/p>\n","protected":false},"author":1,"featured_media":0,"parent":9,"menu_order":0,"comment_status":"closed","ping_status":"closed","template":"exame-detalhes.php","meta":[],"_links":{"self":[{"href":"https:\/\/www.cardiodiagnostico.com.br\/index.php\/wp-json\/wp\/v2\/pages\/84"}],"collection":[{"href":"https:\/\/www.cardiodiagnostico.com.br\/index.php\/wp-json\/wp\/v2\/pages"}],"about":[{"href":"https:\/\/www.cardiodiagnostico.com.br\/index.php\/wp-json\/wp\/v2\/types\/page"}],"author":[{"embeddable":true,"href":"https:\/\/www.cardiodiagnostico.com.br\/index.php\/wp-json\/wp\/v2\/users\/1"}],"replies":[{"embeddable":true,"href":"https:\/\/www.cardiodiagnostico.com.br\/index.php\/wp-json\/wp\/v2\/comments?post=84"}],"version-history":[{"count":6,"href":"https:\/\/www.cardiodiagnostico.com.br\/index.php\/wp-json\/wp\/v2\/pages\/84\/revisions"}],"predecessor-version":[{"id":272,"href":"https:\/\/www.cardiodiagnostico.com.br\/index.php\/wp-json\/wp\/v2\/pages\/84\/revisions\/272"}],"up":[{"embeddable":true,"href":"https:\/\/www.cardiodiagnostico.com.br\/index.php\/wp-json\/wp\/v2\/pages\/9"}],"wp:attachment":[{"href":"https:\/\/www.cardiodiagnostico.com.br\/index.php\/wp-json\/wp\/v2\/media?parent=84"}],"curies":[{"name":"wp","href":"https:\/\/api.w.org\/{rel}","templated":true}]}}