{"id":86,"date":"2020-04-16T18:35:20","date_gmt":"2020-04-16T21:35:20","guid":{"rendered":"http:\/\/192.168.25.222\/cardio1\/?page_id=86"},"modified":"2020-04-23T21:46:51","modified_gmt":"2020-04-24T00:46:51","slug":"doppler-colorido-de-veia-cava-superior-ou-inferior","status":"publish","type":"page","link":"https:\/\/www.cardiodiagnostico.com.br\/index.php\/exames-e-preparos\/doppler-colorido-de-veia-cava-superior-ou-inferior\/","title":{"rendered":"Doppler colorido de veia cava (superior ou inferior)"},"content":{"rendered":"\n<p class=\"alert alert-warning\">\n<i class=\"fas fa-exclamation-triangle\"><\/i> <strong>Preparo<\/strong><br>\n\n<i class=\"fas fa-check\"><\/i> Desde o dia anterior ao exame, tomar <strong>40 gotas de dimeticona de 4 em 4 horas<\/strong><br>\n<i class=\"fas fa-check\"><\/i> Jejum absoluto (inclusive l\u00edquidos) de 8 horas\n<\/p>\n\n\n\n<h5>O que \u00e9<\/h5>\n\n\n\n<p>\u00c9 um exame n\u00e3o invasivo, realizado em um aparelho de ultrassom que permite a avalia\u00e7\u00e3o das veias il\u00edacas, que levam o sangue proveniente das pernas em dire\u00e7\u00e3o ao cora\u00e7\u00e3o, por meio da veia cava inferior.<\/p>\n\n\n\n<h5>Como \u00e9 feito<\/h5>\n\n\n\n<p>No exame de veia cava o paciente fica deitado em dec\u00fabito dorsal (\u201cde barriga para cima\u201d) com o abdome exposto. \u00c9 aplicado gel sobre o abdome (para reduzir interfer\u00eancias), enquanto \u00e9 utilizada uma sonda de superf\u00edcie.<\/p>\n\n\n\n<h5>Indica\u00e7\u00f5es<\/h5>\n\n\n\n<ul class=\"list-unstyled\"><li><i class=\"fas fa-exclamation\"><\/i> Verificar a presen\u00e7a de tortuosidades, obstru\u00e7\u00f5es (entupimentos) e trombose (co\u00e1gulo)<\/li><li><i class=\"fas fa-exclamation\"><\/i> Diagn\u00f3stico de trombose venosa<\/li><\/ul>\n\n\n\n<h5>Contraindica\u00e7\u00f5es<\/h5>\n\n\n\n<p>N\u00e3o h\u00e1.<\/p>\n\n\n\n<h5>Limita\u00e7\u00f5es<\/h5>\n\n\n\n<ul class=\"list-unstyled\"><li><i class=\"fas fa-exclamation\"><\/i> Obesidade<\/li><li><i class=\"fas fa-exclamation\"><\/i> Abdome volumoso e r\u00edgido<\/li><li><i class=\"fas fa-exclamation\"><\/i> Excesso de gases intestinais<\/li><li><i class=\"fas fa-exclamation\"><\/i> Feridas abdominais abertas, suturas, grampos ou cateteres de di\u00e1lise peritoneal<\/li><\/ul>\n\n\n\n<p class=\"has-small-font-size\"><strong>Refer\u00eancias<\/strong><br>1. Diretriz para indica\u00e7\u00f5es e utiliza\u00e7\u00e3o da ecocardiografia na pr\u00e1tica cl\u00ednica. Revista Brasileira de Ecocardiografia 2004;17(1):49-77.<br>2. ACC\/AHA\/ASE 2003 Guideline update for the clinical application of echocardiography: summary article. Journal of the Am Society of Echocardiography 2003;16(10):1091-1110.<\/p>\n","protected":false},"excerpt":{"rendered":"<p>O que \u00e9 \u00c9 um exame n\u00e3o invasivo, realizado em um aparelho de ultrassom que permite a avalia\u00e7\u00e3o das veias il\u00edacas, que levam o sangue proveniente das pernas em dire\u00e7\u00e3o ao cora\u00e7\u00e3o, por meio da veia cava inferior. Como \u00e9 feito No exame de veia cava o paciente fica deitado em dec\u00fabito dorsal (\u201cde barriga para cima\u201d) com o abdome [&hellip;]<\/p>\n","protected":false},"author":1,"featured_media":0,"parent":9,"menu_order":0,"comment_status":"closed","ping_status":"closed","template":"exame-detalhes.php","meta":[],"_links":{"self":[{"href":"https:\/\/www.cardiodiagnostico.com.br\/index.php\/wp-json\/wp\/v2\/pages\/86"}],"collection":[{"href":"https:\/\/www.cardiodiagnostico.com.br\/index.php\/wp-json\/wp\/v2\/pages"}],"about":[{"href":"https:\/\/www.cardiodiagnostico.com.br\/index.php\/wp-json\/wp\/v2\/types\/page"}],"author":[{"embeddable":true,"href":"https:\/\/www.cardiodiagnostico.com.br\/index.php\/wp-json\/wp\/v2\/users\/1"}],"replies":[{"embeddable":true,"href":"https:\/\/www.cardiodiagnostico.com.br\/index.php\/wp-json\/wp\/v2\/comments?post=86"}],"version-history":[{"count":4,"href":"https:\/\/www.cardiodiagnostico.com.br\/index.php\/wp-json\/wp\/v2\/pages\/86\/revisions"}],"predecessor-version":[{"id":269,"href":"https:\/\/www.cardiodiagnostico.com.br\/index.php\/wp-json\/wp\/v2\/pages\/86\/revisions\/269"}],"up":[{"embeddable":true,"href":"https:\/\/www.cardiodiagnostico.com.br\/index.php\/wp-json\/wp\/v2\/pages\/9"}],"wp:attachment":[{"href":"https:\/\/www.cardiodiagnostico.com.br\/index.php\/wp-json\/wp\/v2\/media?parent=86"}],"curies":[{"name":"wp","href":"https:\/\/api.w.org\/{rel}","templated":true}]}}